late x(p).
-4
Let k(p) = -14*p**2 + 26*p + 26. Let m(c) = 5*c**2 - 9*c - 9. Let r(o) = -6*k(o) - 17*m(o). Let s be (2/4)/((-1)/2). Let f be -3 + 1*s/1. What is r(f)?
-7
Let l be 140/(-30) - ((-10)/6 - -1). Let b(d) = d + 2. What is b(l)?
-2
Let o(v) be the third derivative of v**4/12 - 5*v**3/6 + v**2. Let h(q) = -q + 2. Let j(r) = 15*h(r) + 6*o(r). Suppose 0 = c + 4 - 1. What is j(c)?
9
Let u(z) = z**2 - 3 - 2 - 4 - 11*z + 16*z. Let j = 5 - 12. Let b be u(j). Let o(f) = -f + 6. Determine o(b).
1
Suppose -2*z = 2*z + 4*r + 8, 3*z - 2 = r. Suppose z = -4*o + 3*w + 16, -3*o - 4*w - 13 = -0*o. Let c(m) = -10*m. Give c(o).
-10
Let h(u) = -u**3 - 7*u**2 - 6*u - 4. Let v = -20 + 14. Calculate h(v).
-4
Let r(h) = 16*h + 3 - 8*h - 9*h. Determine r(0).
3
Let s(u) = u**3 - 6*u**2 - 8*u + 9. Let m(l) = -l**3 - 7*l**2 - l. Let d be m(-7). Determine s(d).
2
Let y(s) = -3*s - 4. Let a(f) = 13*f + 17. Let l(j) = -4*a(j) - 18*y(j). Determine l(3).
10
Let y(t) = -9*t + 2*t + 3*t + 3*t. Calculate y(2).
-2
Let w(x) = 4*x + 1 + 0 - 5 - 3. Determine w(5).
13
Let o(f) = f + 0*f - 4*f + 3. Let y(j) = -j**3 + j**2 - j + 2. Let b be y(0). Calculate o(b).
-3
Let i(j) = j**2 - 4*j - 1. Suppose -6*h = -2*h - 16. Suppose -x + 0 = -h. Calculate i(x).
-1
Let m(x) = x**3 + 4*x**2 - x - 2. Let w be -1*(2 - 2)*-1. Suppose 2*f = -8 - w. Give m(f).
2
Let f(q) = q**3 + 1. Let y = 32 + -30. Give f(y).
9
Let i be 2*3/12*2. Let p(h) = -11*h - 1. What is p(i)?
-12
Let v = 11 + -4. Let n = -5 + v. Let r(w) be the third derivative of w**6/120 - w**4/12 + w**2. Determine r(n).
4
Suppose 3*h - 4 = 11. Let p(b) = b + 1. Let z(t) = -10*t - 4. Let n(q) = h*p(q) + z(q). Calculate n(-1).
6
Let d(q) = -q**3 - 2*q**2 - q - 1. Suppose -w = 4*w - 25. Suppose -4*m = -6*m - 14. Let p = m + w. Give d(p).
1
Let w(g) be the first derivative of -2*g**3/3 - 3*g**2/2 - g + 4. Suppose -4*o - 18 = -6. What is w(o)?
-10
Let s(c) = -2*c - 5*c + 6*c. Calculate s(1).
-1
Let h(d) = 8*d**2 - 4*d + 5. Let k(c) = -7*c**2 + 4*c - 4. Let q(a) = -4*h(a) - 5*k(a). Calculate q(3).
15
Let y(r) = -r**3 - 4*r**2 + 4. Let h be y(-4). Suppose -h = -4*k + 20. Let w(a) = -5 + 0 + a**2 - 6*a - 3. Give w(k).
-8
Let u(m) = m - 6. Let o(q) = 1. Let y(i) = 2*o(i) + u(i). What is y(5)?
1
Let u be 2 + -3 + 1 - 1. Let b be u*1/((-1)/4). Let m(l) = -l + b*l + l. What is m(-2)?
-8
Let b(v) be the third derivative of 0*v - 1/6*v**3 - 1/60*v**5 + 0 + 1/40*v**6 + 1/24*v**4 + v**2. Suppose -4 = -2*a - 2. Determine b(a).
2
Let f(a) = 0 + 0 - a**3 - 4*a**2 - 2 + 1 - 2*a. Give f(-4).
7
Let x(r) = 4*r - 4*r - r + 5. Calculate x(0).
5
Let n(m) be the third derivative of 7/24*m**4 + 2*m**2 + 1/10*m**5 + 0 + 1/120*m**6 + 5/6*m**3 + 0*m. Let c(k) = k - 1. Let b be c(-4). Give n(b).
-5
Let x(i) = i + 1. Let w = -7 + 6. Let c(r) = 2*r + 1. Let s(d) = w*c(d) + 3*x(d). Give s(0).
2
Let c(w) = -w**2 + w - 6. Suppose -5*i + 0*i + 60 = 0. Let p = 2 - 2. Suppose 3*o = q - i, 0*q - q + 4*o + 16 = p. Give c(q).
-6
Let n(x) = 2 - 21*x - 3 + 20*x. What is n(6)?
-7
Let a = 1 - -5. Let n(w) be the second derivative of w**3/6 - 7*w**2/2 - 5*w. Give n(a).
-1
Let t(p) = -p**3 - p**2 - 3*p - 7. Let r(y) = y + 1. Let w(q) = 6*r(q) + t(q). Let j be ((-24)/(-9) + -3)*6. Let a = -1 + j. Determine w(a).
8
Let z(x) = -x**3 - 6*x**2 + 3*x + 8. Suppose -4*y - 34 = 2*w, -w + 25 = -6*w. What is z(y)?
-10
Let d(h) = -4 + 4*h**2 - 3 + h**3 - 6*h + 3 + 1. Let z = 6 - 11. Determine d(z).
2
Let j = -14 - -6. Let f(t) = t**2 + 8*t + 7. Calculate f(j).
7
Let k(v) = -v**3 + v**2 - v - 2. Let w be k(0). Let y(s) = -3*s**3 - 3*s**2 - 4*s - 4. Let u(m) = -m**3 + m**2 + 1. Let g(b) = w*u(b) + y(b). Determine g(-4).
-6
Suppose -4 + 3 = 5*v + 4*k, 5*v - 23 = 2*k. Let s(o) = -o**2 + 2*o + 2. Calculate s(v).
-1
Suppose 2 = -3*b - 7. Let m(p) = p**2 + 2*p + 2. Give m(b).
5
Let j be (25 - 27)*(-1 + (-3)/(-2)). Let x(l) = 12*l**3 + l**2 - l - 1. What is x(j)?
-11
Let v(i) = -3 + 8*i + 3 + i**2 - 2*i - 8. Determine v(-6).
-8
Let t(v) = -9*v**2 - v - 5. Let n(b) = 1. Let k(d) = -5*n(d) - t(d). Calculate k(-1).
8
Let s(l) = l**3 - 4*l**2 + 3*l - 4. Let d be s(2). Let x(j) = -j**2 - 3*j + 2. Determine x(d).
-16
Let i(w) = -w**2 + 2*w + 1. Let j be (-3)/2 + 4/(-8). Determine i(j).
-7
Let k be 30/25*(-20)/(-6). Let o(h) = -h**2 + 5*h - 3. What is o(k)?
1
Let y(j) = j - 4. Let p = 10 - 14. Calculate y(p).
-8
Let h be (-7)/(-6) - (-13)/39. Let w(j) be the second derivative of h*j**2 + j + 0 + 1/6*j**3. Determine w(5).
8
Let j(q) = -q**2 + 6*q - 2. Suppose 0 = -9*z + 4*z + 25. Give j(z).
3
Let x(b) = -b**2 + 6*b + 7. Let n = -4 - -10. Determine x(n).
7
Let d(w) = w**3 - 3*w**2 - 3. Let u = 2 - -1. Let b be d(u). Let y(l) be the second derivative of l**4/12 + l**3/2 - l. Calculate y(b).
0
Suppose 4*v - 1 = 27. Let g(x) = 0*x + x - v + 2 - 2*x. Suppose 3 = -5*l + 3*t - 0, 5 = 5*t. Determine g(l).
-5
Let h(d) be the third derivative of -d**6/120 - d**5/12 + 5*d**4/24 - 5*d**3/6 + 74*d**2 + 2*d. Let u(r) = r**2 + 7*r + 6. Let t be u(-4). What is h(t)?
1
Let u be (4/(-12))/(3/(-9)). Let p(i) be the first derivative of 2*i**4 + i**3/3 - i**2/2 - 2. Calculate p(u).
8
Let u(k) = -2*k**2 - 29*k + 17. Let x be u(-15). Let l(s) = 13*s - 1. Determine l(x).
25
Let j(m) = -9*m - 12. Let y(d) = -3*d - 4. Let k(l) = 3*j(l) - 8*y(l). Let b(f) = -f**2 + 9*f - 12. Suppose 0 = 5*i - 12 - 28. Let r be b(i). Determine k(r).
8
Let l(p) = p**3 + 2*p**2 - 3*p + 3. Let a(j) = j**3 + j**2 - 2*j + 3. Let n = -2 + -4. Let i(m) = n*a(m) + 5*l(m). What is i(3)?
-3
Let x(j) = 7*j**3 - 6*j**2 - 19*j + 5. Let z(m) be the second derivative of m**5/5 - m**4/4 - 5*m**3/3 + m**2 - 7*m. Let u(g) = -3*x(g) + 5*z(g). Give u(4).
7
Suppose 3*j + 1 = 4*j. Let g(d) = -3*d**2 + d - 1. Give g(j).
-3
Suppose 3*i = -2*f + 6*f + 16, -4*i + 3*f = -19. Let x(h) be the second derivative of -h**3/6 + 3*h**2/2 - 2*h. Calculate x(i).
-1
Let f(r) be the first derivative of r**2/2 + 2*r - 35. Determine f(5).
7
Let f(q) = 3*q**2 + 7*q + 13. Let n(r) = r**2 + 2*r + 4. Let g(a) = -2*f(a) + 7*n(a). Suppose 3*v + 4 = 10. Determine g(v).
6
Let n(t) = -4*t + 26. Let u be n(7). Let s(k) = -4*k - 1. What is s(u)?
7
Suppose 0 = -4*i - 7 - 9, 2*i = n - 8. Let t(g) = -g**2 + 6. What is t(n)?
6
Let v = 3 - 6. Let k be 13/v + 2/6. Let b(w) be the third derivative of w**4/12 + w**3/2 - w**2. Determine b(k).
-5
Suppose 0 = -3*a - 0 - 9. Let v(n) = -n**2 + n - 1. Let b(i) = -4*i - 3. Let p(x) = -b(x) - v(x). Calculate p(a).
4
Suppose -5*f - 18 = -28. Let u(b) = 7*b + 2. Calculate u(f).
16
Let t(n) = -8*n**2 - 18*n + 12. Let y(f) = 3*f**2 + 6*f - 4. Let p(b) = 4*t(b) + 11*y(b). Let v = 8 + -4. Give p(v).
-4
Suppose -2*m + 2*s = s - 5, 0 = -4*m + 3*s + 9. Let g(k) = -1 - 2 - k + m*k - k. Determine g(5).
2
Let x(l) = l**3 - 2*l**2 + l + 2*l**2 + 4*l**2. Let j = 15 + -17. Calculate x(j).
6
Let u(y) = -2*y + 1. Let s(m) = -m**3 + 4*m**2 + 5*m - 4. Let x be s(5). Determine u(x).
9
Let f(x) = 2*x - 4*x + 0 + 2 + 3*x. Suppose z + 67 = 5*z + q, z + 4*q - 28 = 0. Suppose z = 2*w + 2*w. Give f(w).
6
Let o = -65 + 35. Let g be ((-10)/(-3))/((-20)/o). Let a(t) = -t**2 + 7*t - 4. What is a(g)?
6
Let b(g) = g**3 + 3*g**2 - 2. Let y = 34 - 36. Determine b(y).
2
Suppose -9 = g + 5*z - 4*z, 2*z - 10 = 5*g. Let n(m) = m + 1. Determine n(g).
-3
Suppose 0*j = -4*g - j + 4, 5*g = j + 14. Suppose f = 4*m - 46, 3*m - g*m - 8 = 2*f. Suppose -3*b + 5*b + m = 0. Let i(a) = -2*a - 9. Calculate i(b).
3
Let f(s) = s**2 + 9*s - 5. Let i(v) = -4*v**2 - 28*v + 15. Let r(g) = -7*f(g) - 2*i(g). Calculate r(5).
-5
Suppose 3*y = -4*q + 5 + 1, 0 = -y + 3*q + 2. Let d(z) = -z**y + 1 - 5 + 3*z + 0*z**2. Give d(4).
-8
Let b(l) = l - 2. Let k be -3 + (4 - 8 - -3). Give b(k).
-6
Let d be 9/2*16/24. Let r(q) = -4*q + d*q**2 - 4*q**3 + 3*q**3 + 6 + 3*q**2 - 4*q. Determine r(5).
-9
Let s(c) = -c**2 + 4. Let r be s(0). Let x = r + -8. Let t(k) = -k**3 - 4*k**2 + k + 4. Give t(x).
0
Let h(a) = -a - 7. Let u(x) = x**2 - 2*x + 9*x + 6 + 2. Let t be u(-6). Let v be (t - -1)*(-8)/6. Determine h(v).
-3
Let d(z) be the third derivative of z**4/24 - z**3/2 + z**2. Let n = -135 + 131. Calculate d(n).
-7
Let s be 5/1 + 9/(-3). Suppose 4*d - 28 = 4*r - s*r, 2*r = 3*d - 23. Let k(p) be the third derivative of p**5/60 - 7*p**4/24